MONTHLY CLIMATOLOGICAL SUMMARY for OCT. 2023 NAME: N2KI Weather System - KNYWASHI15 CITY: Washingtonville STATE: NY ELEV: 300ft LAT: 041:26:00 LONG: 0074:07:00 TEMPERATURE ( °F), RAIN (in.), WIND SPEED (mph) HEAT COOL AVG MEAN DEG DEG WIND DOM DAY TEMP HIGH TIME LOW TIME DAYS DAYS RAIN SPEED HIGH TIME DIR -------------------------------------------------------------------------------------------------------- 01 61.9 075.6 15:34 52.9 01:11 03.0 00.0 00.01 00.0 06.9 13:32 NW 02 62.8 077.5 14:47 52.4 07:17 02.2 00.0 00.00 00.0 03.5 15:45 E 03 64.0 082.3 14:42 48.5 07:19 00.9 00.0 00.00 00.0 01.1 13:03 SSE 04 67.6 085.5 14:28 56.2 06:12 00.0 02.6 00.00 00.0 03.5 19:36 S 05 65.4 079.8 14:30 54.1 07:30 00.0 00.4 00.00 00.0 08.1 13:29 SE 06 66.4 072.2 15:40 58.6 01:32 00.0 01.4 00.00 00.0 04.6 13:49 SE 07 61.2 068.0 12:17 49.2 00:00 03.8 00.0 00.38 00.1 14.9 13:11 SW 08 51.9 059.5 15:40 45.2 07:08 13.0 00.0 00.00 00.8 13.8 11:31 W 09 49.5 060.5 13:49 39.4 07:41 15.5 00.0 00.00 00.3 11.5 15:59 WNW 10 49.8 062.5 16:56 40.7 07:55 15.2 00.0 00.00 00.2 14.9 15:07 NW 11 54.4 067.7 15:53 44.8 00:01 10.6 00.0 00.00 00.1 11.5 14:10 W 12 53.5 068.6 15:55 40.0 07:29 11.4 00.0 00.00 00.1 09.2 15:25 W 13 50.3 063.4 17:20 38.5 07:44 14.6 00.0 00.00 00.0 06.9 16:14 W 14 47.8 048.9 13:41 45.9 01:24 17.1 00.0 00.64 00.0 00.0 00:00 W 15 50.0 058.3 15:04 44.6 00:00 14.9 00.0 00.01 00.1 14.9 13:35 W 16 51.5 063.5 14:07 42.6 03:03 13.4 00.0 00.00 00.0 09.2 14:13 SSW 17 53.0 062.6 14:23 47.4 07:47 12.0 00.0 00.00 00.0 04.6 14:12 SE 18 53.7 062.0 13:57 48.2 00:00 11.3 00.0 00.00 00.0 00.0 00:00 SE 19 53.4 064.4 14:43 39.9 07:47 11.5 00.0 00.00 00.4 12.7 22:30 S 20 59.2 067.7 15:10 55.1 06:20 05.7 00.0 00.49 00.2 11.5 00:58 SSE 21 57.1 059.9 16:58 55.3 23:58 07.9 00.0 00.10 00.7 16.1 19:49 SW 22 50.4 055.7 00:30 45.4 00:00 14.5 00.0 00.00 01.8 19.6 18:10 W 23 48.5 059.6 16:54 37.6 00:00 16.4 00.0 00.00 00.5 11.5 00:12 W 24 47.6 065.4 16:13 33.8 05:12 17.3 00.0 00.00 00.1 06.9 16:14 SW 25 58.1 078.4 14:32 40.8 07:35 06.8 00.0 00.00 00.1 10.3 13:05 SW 26 62.0 080.2 15:46 48.0 08:04 03.0 00.0 00.00 00.1 08.1 13:14 W 27 63.5 078.1 15:47 54.6 06:55 01.4 00.0 00.00 00.1 08.1 14:22 WSW 28 65.5 079.0 14:10 51.8 08:03 00.0 00.5 00.00 00.3 11.5 14:09 W 29 49.5 059.5 00:02 45.6 00:00 15.4 00.0 00.55 00.1 06.9 19:37 N 30 48.1 052.9 17:33 45.5 00:46 16.9 00.0 00.28 00.1 08.1 22:19 NNE -------------------------------------------------------------------------------------------------------- 55.9 (57.0) 85.5 day 04 33.8 day 24 275.7 005.0 02.46 00.2 19.6 day 22 WSW Min <= 86: 30 Max Rain: 0.64 ON 14-10-23 Days of Rain: 8 (> .008in) 6 (> .08in) 0 (> 0.8in)